y 6041253.
11
Calculate the remainder when 6714939 is divided by 1635.
1629
Calculate the remainder when 266500 is divided by 31644.
13348
Calculate the remainder when 428591 is divided by 12245.
16
What is the remainder when 153778 is divided by 968?
834
What is the remainder when 3226561 is divided by 460936?
9
What is the remainder when 10145862 is divided by 6614?
6600
What is the remainder when 1919859 is divided by 959914?
31
Calculate the remainder when 2368303 is divided by 709.
243
Calculate the remainder when 614078 is divided by 87714.
80
What is the remainder when 530320 is divided by 2996?
28
What is the remainder when 3046645 is divided by 238?
7
Calculate the remainder when 30396 is divided by 111.
93
What is the remainder when 2956144 is divided by 199?
198
What is the remainder when 39578 is divided by 37326?
2252
What is the remainder when 258003791 is divided by 486?
485
What is the remainder when 175166234 is divided by 3560?
3554
Calculate the remainder when 438553 is divided by 43330.
5253
What is the remainder when 14345402 is divided by 78390?
32
What is the remainder when 35360587 is divided by 38?
29
What is the remainder when 3108016 is divided by 1035755?
751
What is the remainder when 3281678 is divided by 30959?
24
What is the remainder when 138957 is divided by 4793?
4753
What is the remainder when 160148 is divided by 4942?
2004
Calculate the remainder when 9720372 is divided by 2430086.
28
What is the remainder when 179700 is divided by 14972?
36
Calculate the remainder when 207153413 is divided by 29593342.
19
Calculate the remainder when 3808051 is divided by 225.
151
What is the remainder when 2441491 is divided by 743?
736
Calculate the remainder when 996438 is divided by 99592.
518
Calculate the remainder when 11419794 is divided by 133.
15
Calculate the remainder when 26139311 is divided by 816853.
15
Calculate the remainder when 11293433 is divided by 5440.
5433
What is the remainder when 570719 is divided by 620?
319
Calculate the remainder when 93403349 is divided by 19.
14
Calculate the remainder when 6246817 is divided by 1057.
1004
What is the remainder when 3839449 is divided by 4517?
4516
Calculate the remainder when 29738 is divided by 27767.
1971
What is the remainder when 9100842 is divided by 331?
328
Calculate the remainder when 551079 is divided by 678.
543
Calculate the remainder when 8923395 is divided by 8757.
12
What is the remainder when 6914288 is divided by 384126?
20
What is the remainder when 141587 is divided by 1762?
627
Calculate the remainder when 4355763 is divided by 229248.
51
Calculate the remainder when 2226837 is divided by 318118.
11
Calculate the remainder when 13971247 is divided by 4656987.
286
What is the remainder when 2783341 is divided by 2463?
151
Calculate the remainder when 7125295 is divided by 14.
9
Calculate the remainder when 7499961 is divided by 92592.
9
What is the remainder when 181252 is divided by 181126?
126
What is the remainder when 52908577 is divided by 69?
67
Calculate the remainder when 20831770 is divided by 437.
417
Calculate the remainder when 2793920 is divided by 122.
120
Calculate the remainder when 89473 is divided by 1873.
1442
Calculate the remainder when 6319456 is divided by 18752.
32
Calculate the remainder when 84771 is divided by 4246.
4097
What is the remainder when 476875 is divided by 47685?
25
What is the remainder when 93368943 is divided by 185?
183
Calculate the remainder when 171373 is divided by 85361.
651
What is the remainder when 6331432 is divided by 310?
302
What is the remainder when 115918117 is divided by 4?
1
What is the remainder when 2597165 is divided by 78701?
32
Calculate the remainder when 37040 is divided by 914.
480
What is the remainder when 1144949 is divided by 810?
419
What is the remainder when 154321 is divided by 5316?
157
Calculate the remainder when 63021234 is divided by 14.
10
What is the remainder when 178453103 is divided by 2087?
2081
Calculate the remainder when 3660795 is divided by 1215.
0
What is the remainder when 12882347 is divided by 26?
23
Calculate the remainder when 351868 is divided by 9256.
140
Calculate the remainder when 44907208 is divided by 131.
15
What is the remainder when 121709 is divided by 40120?
1349
What is the remainder when 1331861 is divided by 166479?
29
Calculate the remainder when 1390228 is divided by 695101.
26
What is the remainder when 39068 is divided by 567?
512
What is the remainder when 1626347 is divided by 126?
65
What is the remainder when 6061979 is divided by 1243?
1111
Calculate the remainder when 179546 is divided by 21487.
7650
Calculate the remainder when 47273051 is divided by 15757662.
65
Calculate the remainder when 852524 is divided by 10388.
708
Calculate the remainder when 165064142 is divided by 23.
19
What is the remainder when 192719 is divided by 17512?
87
Calculate the remainder when 6825173 is divided by 6825115.
58
Calculate the remainder when 51251 is divided by 70.
11
Calculate the remainder when 80929 is divided by 719.
401
Calculate the remainder when 3332506 is divided by 34.
30
What is the remainder when 7151 is divided by 166?
13
What is the remainder when 240580 is divided by 354?
214
Calculate the remainder when 25460848 is divided by 620995.
53
What is the remainder when 67121458 is divided by 540?
538
What is the remainder when 83441 is divided by 270?
11
What is the remainder when 1232789 is divided by 30?
29
What is the remainder when 89634 is divided by 4231?
783
Calculate the remainder when 2597388 is divided by 21466.
2
What is the remainder when 5348307 is divided by 1588?
1511
Calculate the remainder when 310455 is divided by 204.
171
What is the remainder when 468074 is divided by 113?
28
Calculate the remainder when 1407478 is divided by 2227.
14
Calculate the remainder when 444312 is divided by 110091.
3948
Calculate the remainder when 409018 is divided by 102175.
318
What is the remainder when 10501206 is divided by 1045?
1
What is the remainder when 7469686 is divided by 1244946?
10
What is the remainder when 36134 is divided by 260?
254
What is the remainder when 10191855 is divided by 1537?
8
Calculate the remainder when 371445 is divided by 1322.
1285
What is the remainder when 148109 is divided by 471?
215
What is the remainder when 508538 is divided by 121?
96
Calculate the remainder when 11611977 is divided by 1395.
1392
What is the remainder when 93370325 is divided by 129?
125
What is the remainder when 238549 is divided by 269?
215
Calculate the remainder when 5103044 is divided by 111.
41
Calculate the remainder when 2646401 is divided by 372.
365
What is the remainder when 3100305 is divided by 1033431?
12
Calculate the remainder when 1007034 is divided by 332.
78
What is the remainder when 5007181 is divided by 249?
40
What is the remainder when 2976846 is divided by 27062?
26
What is the remainder when 1598108 is divided by 11?
6
Calculate the remainder when 4092488 is divided by 224.
8
What is the remainder when 523383 is divided by 261689?
5
What is the remainder when 1938716 is divided by 480?
476
Calculate the remainder when 214898 is divided by 10137.
2021
Calculate the remainder when 66384 is divided by 33038.
308
What is the remainder when 5742651 is divided by 17508?
27
Calculate the remainder when 7941442 is divided by 30544.
2
Calculate the remainder when 8976471 is divided by 24.
15
What is the remainder when 2375312 is divided by 558?
464
What is the remainder when 31220600 is divided by 1200792?
8
What is the remainder when 48673563 is divided by 25417?
8
Calculate the remainder when 59992797 is divided by 25.
22
What is the remainder when 8366487 is divided by 889?
108
What is the remainder when 15524809 is divided by 35?
34
Calculate the remainder when 3389870 is divided by 272.
206
Calculate the remainder when 22037598 is divided by 100.
98
What is the remainder when 917945 is divided by 278?
267
What is the remainder when 74968260 is divided by 417?
0
Calculate the remainder when 1031043 is divided by 38184.
75
Calculate the remainder when 407416 is divided by 203544.
328
Calculate the remainder when 82405 is divided by 1031.
956
Calculate the remainder when 197388 is divide